ose -12 = -2*o - 2*o. Suppose -o*z + 2*z + 3*j + 33 = 0, -5*z = -3*j - 201. Calculate the remainder when z is divided by (0 + 22/(-8))*-8.
20
Let w(o) = -o + 18. What is the remainder when 27 is divided by w(0)?
9
Let p(m) = -48*m. Let w be p(-1). Suppose -5*j + w = 8. Suppose 0 = 3*r - y - 71, -4*y - 4 = 16. Calculate the remainder when r is divided by j.
6
Suppose -23 = -8*n + 1. Calculate the remainder when n is divided by -1*(-2 + 3 + -2).
0
Suppose 0 = -2*d - 10, 3*d - 2*d + 25 = 5*m. Suppose i + 12 = -3*x, 3*i = -i + x + m. Suppose i*f + 56 = 4*f. Calculate the remainder when f is divided by 8.
6
Let a be (5 + -1 + 2)*-1. Let o = -4 - a. Let w = o + 13. Calculate the remainder when 43 is divided by w.
13
Calculate the remainder when 23 is divided by ((-1)/(-3) + -1)*-18.
11
Let q(n) = 30*n - 2. What is the remainder when q(1) is divided by 15?
13
Let g = -1 - -5. Let v = -6 + 12. What is the remainder when v is divided by (-4)/(-2)*g/2?
2
Let z(v) = -1 - 2*v**2 + 2 - 29*v**3 + 19*v**3. Calculate the remainder when z(-1) is divided by 4.
1
Suppose 0 = j - 2*i, 0 = -4*j + 2*j + 3*i + 1. Suppose 2*c + 78 = 4*b, 5*b - j*c = 110 - 13. What is the remainder when 35 is divided by b?
16
Let j be 8/(-6)*(4 + 2). Let i be (-1)/(j/10)*12. Suppose -5*t - 2 = 2*c, -c + i = -4*t - 10. What is the remainder when 16 is divided by c?
7
Let w(d) = -d + 2. Let q be w(5). What is the remainder when q/(-15) + 99/5 is divided by 11?
9
Let d = 11 + -8. Let q be (5/d)/((-1)/3). Let c = q + 13. What is the remainder when 22 is divided by c?
6
Suppose 5*s + 14 = 34. Suppose s*n + n = 140. What is the remainder when 83 is divided by n?
27
Let p(q) = 8*q - 1. Let n be p(1). Let t(w) = w**2 - 5*w - 4. Let k be t(n). Let j = k + 13. Calculate the remainder when j is divided by 12.
11
Let k = -6 - -11. Suppose r = 13 + k. What is the remainder when r is divided by 10?
8
Suppose 1 = 3*x - 2. Let u(q) = 14*q**3 - 2*q**2 + q. Calculate the remainder when (2/((-4)/1))/((-1)/74) is divided by u(x).
11
Suppose 5*p + 31 = 136. Let o(k) = 4*k + 1 - 4*k - 2*k. Calculate the remainder when p is divided by o(-5).
10
Suppose 2*o = -8, 1 = -3*v - 3*o - 5. Suppose i = v*i - 3. Calculate the remainder when 6 is divided by i.
0
Let y be (-2)/(-6) + 32/12. Suppose -f + 10 = 5*a - 5, 4*a - 2*f = -2. Calculate the remainder when 3/y*(0 + 3) is divided by a.
1
Let y = 22 - 3. Let t = -6 + y. What is the remainder when 50 is divided by t?
11
Let m = -2 - -4. Calculate the remainder when 7 is divided by -1 + -1 + m + 3.
1
Calculate the remainder when 1/(3/(-207)*-3) is divided by 12.
11
Suppose w + 2*j = 16, 5*w - j - 8 = 17. Let t(a) = a**3 - 6*a**2 - 4*a + 3. Let h be t(w). Let u = h - -34. What is the remainder when 38 is divided by u?
12
Let p(g) be the third derivative of -g**4/24 + 8*g**3/3 + 2*g**2. Calculate the remainder when 14 is divided by p(8).
6
Suppose 3*t - 5*q - 55 = 0, -5*t + 4*q + q + 75 = 0. Suppose 4*y - 50 = 18. Calculate the remainder when y is divided by t.
7
Let l = 48 + -34. What is the remainder when 55 is divided by l?
13
Let p(h) = h**3 + h**2 + 12. Calculate the remainder when p(0) is divided by 7.
5
Suppose 51 = 5*t - 5*g - 14, -5*t = 2*g - 44. What is the remainder when 38 is divided by t?
8
Suppose 0 = -0*w - 3*w + 33. What is the remainder when 28 is divided by w?
6
Suppose 0*w = 2*w - 5*x - 35, 4*w = 2*x + 30. Suppose -5*k = -5*z + 35, -3*k + 2*k - 10 = 2*z. Let o = k - -20. What is the remainder when o is divided by w?
2
Calculate the remainder when 65 - (0 - (-2 + -2)) is divided by 16.
13
Let n(o) = 2*o**2 + 13*o + 30. What is the remainder when n(-8) is divided by 14?
12
What is the remainder when (156/6)/(2/1) is divided by 4?
1
Suppose 13 = -2*x + 15. What is the remainder when 3 is divided by x?
0
Let g = -13 - -47. Suppose -4*r + 27 = -r. Calculate the remainder when g is divided by r.
7
Let a(x) = 10*x - 7 + 9*x**2 - x**2 - x**3 - x**2. Suppose 6*q = 4*q + 52. What is the remainder when q is divided by a(8)?
8
Let d = -3 - -7. Suppose 4*n - 3*k - 3 = 2*k, 3*n - 5*k = -d. Suppose -3*f - 87 = -102. What is the remainder when n is divided by f?
2
Let t(f) = f**2 + 10*f + 12. Let h = -10 - -1. Let l be t(h). Suppose -l*m - m = -44. Calculate the remainder when m is divided by 6.
5
What is the remainder when 66 is divided by (-4)/((-3)/15 + (-7)/315)?
12
Let u be 6 - (2 - 3)*3. Let p be 2*u/(-6)*2. Let a = p - -21. What is the remainder when 42 is divided by a?
12
Let x be ((-15)/10)/((-1)/2). Let t be 0 + (x - (-1 - -4)). Let r(z) = -z**2 + 9. Calculate the remainder when r(t) is divided by 6.
3
Suppose g + 3*f - 11 - 24 = 0, 0 = 2*f - 4. Suppose -4*x + g = -35. Suppose 3*c + 5*u - u = 11, -5*u = 4*c - x. Calculate the remainder when 25 is divided by c.
7
Let l be -2 + -1 + -1 + 8. Suppose -2*s - 4 = -l*s. Calculate the remainder when (-33)/(-2) + s/(-4) is divided by 6.
4
Let g = 27 + -8. Let w = -5 + g. What is the remainder when w is divided by 8?
6
Suppose -3*t + 48 = -3*j, -11 - 9 = -5*j. What is the remainder when 119 is divided by t?
19
Suppose 4*w = -f + 2*f + 385, 500 = 5*w - 5*f. Calculate the remainder when w is divided by 24.
23
Suppose 6*c - 24 = 2*c. What is the remainder when 5/2*12/2 is divided by c?
3
Suppose -t = -5, 4*t - 16 = -c + 18. Suppose 4*n = 4*s + 264, -s + 2*n - 6*n = 41. Let y = s - -102. What is the remainder when y is divided by c?
13
Suppose -2*f + 18 + 22 = 0. Let u = 16 + -9. What is the remainder when f is divided by u?
6
Let x(y) = -y**3 + 10*y**2 + 2*y + 7. What is the remainder when x(10) is divided by 15?
12
Let q(i) be the third derivative of i**5/60 + i**4/24 + 2*i**3/3 + 3*i**2. Let f be q(-8). What is the remainder when 18 is divided by (-12)/(-8)*f/9?
8
Let v be (21/(-2))/(2/(-40)). Suppose 0 = 5*h - v + 50. Calculate the remainder when h is divided by 11.
10
Suppose -2*t + 3*h + 3 = 0, 4*t - 3*h - 7 - 2 = 0. Calculate the remainder when (-2)/11 - 156/(-11) is divided by ((-10)/t)/((-2)/3).
4
Suppose -4*c + 66 = -34. What is the remainder when c is divided by 7?
4
Let o(k) = 3*k - 10. Let v = 16 - 8. What is the remainder when (2 + -2 + -1)*-25 is divided by o(v)?
11
Suppose 2*x = 21 + 1. Suppose -7*m + 10*m - 39 = 0. Let p = 33 - m. Calculate the remainder when p is divided by x.
9
Let d = -97 + 156. Calculate the remainder when d is divided by 20.
19
What is the remainder when 71 is divided by 24*(-3 - (-7 + 3))?
23
Suppose -3*w = -a - 469, -6*a + a = 5*w - 755. Suppose -4*x + 2*i - 43 = -163, 5*x - 5*i - w = 0. Let t = 33 - 23. What is the remainder when x is divided by t?
9
Let m(g) = 4*g**2 + g - 2. What is the remainder when 95 is divided by m(2)?
15
Let n = -28 - -19. Let s = n + 17. Calculate the remainder when 29 is divided by s.
5
Suppose 2*d = d + 7. Calculate the remainder when 19 is divided by d.
5
What is the remainder when (10/(-3) - -3)*-141 is divided by 25?
22
Suppose 4*u - 5*g = 16, 11*u - 4*g - 20 = 6*u. Suppose 2*c + 2*p - 38 = 0, c + 9*p = u*p + 23. What is the remainder when 35 is divided by c?
17
Suppose 6 = q - 3*q. What is the remainder when 53 is divided by q/(-6) - (-70)/4?
17
Let r(p) = -p**3 - 4*p**2 - 3*p - 3. Let s be r(-3). Let c(y) = y**3 - 6*y**2 + 6. Calculate the remainder when (-47)/s + (-6)/9 is divided by c(6).
3
Suppose -d + 23 - 2 = 0. What is the remainder when 208 is divided by d?
19
Suppose -2*q - 2*q + 2*p + 30 = 0, -q - 5*p = -24. What is the remainder when 15 is divided by q?
6
Let f = -1 + 56. What is the remainder when f is divided by 7/(-1)*2*-1?
13
Let t = 20 + 18. What is the remainder when t is divided by 13?
12
Let r(w) = -w**2 - 22*w - 67. What is the remainder when r(-15) is divided by 15?
8
Suppose 3 - 9 = -3*w. What is the remainder when 57 is divided by (-2)/((-2)/30*w)?
12
Let q = 69 - 40. Suppose 2*p + 12 = -16. Let u = p + q. Calculate the remainder when 28 is divided by u.
13
Suppose -2*l - 19 = -2*w + 3*l, -3*w + 3*l + 15 = 0. Calculate the remainder when 20 + (w - 0)*1 is divided by 12.
10
What is the remainder when 52 is divided by (-2)/3*(-270)/10?
16
Suppose 0 = 14*o - 167 - 1. What is the remainder when 42 is divided by o?
6
Let f = 3 - -14. What is the remainder when f is divided by 10/35 + 136/14?
7
Suppose 222 = -2*z + 250. Calcul